{"id":225,"date":"2017-03-15T05:42:34","date_gmt":"2017-03-15T05:42:34","guid":{"rendered":"https:\/\/smartdata.tonytemplates.com\/car-repair-service-v4-services\/?page_id=225"},"modified":"2025-01-18T13:39:52","modified_gmt":"2025-01-18T13:39:52","slug":"sss","status":"publish","type":"page","link":"https:\/\/bandirmaotoservis.com\/index.php\/sss\/","title":{"rendered":"SSS"},"content":{"rendered":"\t\t<div data-elementor-type=\"wp-page\" data-elementor-id=\"225\" class=\"elementor elementor-225\">\n\t\t\t\t\t\t<section class=\"elementor-section elementor-top-section elementor-element elementor-element-2e3b5b4 block elementor-section-boxed elementor-section-height-default elementor-section-height-default\" data-id=\"2e3b5b4\" data-element_type=\"section\">\n\t\t\t\t\t\t<div class=\"elementor-container elementor-column-gap-no\">\n\t\t\t\t\t<div class=\"elementor-column elementor-col-50 elementor-top-column elementor-element elementor-element-44ec156\" data-id=\"44ec156\" data-element_type=\"column\">\n\t\t\t<div class=\"elementor-widget-wrap elementor-element-populated\">\n\t\t\t\t\t\t<div class=\"elementor-element elementor-element-ac62eb9 elementor-widget elementor-widget-crs_accordian\" data-id=\"ac62eb9\" data-element_type=\"widget\" data-widget_type=\"crs_accordian.default\">\n\t\t\t\t<div class=\"elementor-widget-container\">\n\t\t\t\t\t\t\t\t<div class=\"faq-accordion\">\r\n\t\t\t\t\t\t\t<div class=\"faq__item\">\r\n\t\t\t\t\t<div class=\"faq__title\">\r\n\t\t\t\tOnar\u0131mlar\u0131n tamamlanmas\u0131 ne kadar s\u00fcrecek?\t\t\t\t\t\t<div class=\"icon\"><\/div>\r\n\t\t\t\t\t<\/div>\r\n\t\t\t\t\t<div class=\"faq__content\">\r\n\t\t\t\t\t<p>\u00c7o\u011fu onar\u0131m\u0131 ayn\u0131 g\u00fcn tamamlamaya \u00e7al\u0131\u015f\u0131yoruz. Bu m\u00fcmk\u00fcn de\u011filse, size onar\u0131m i\u00e7in size verilecek s\u00fcreyi a\u015fmamaya \u00e7al\u0131\u015f\u0131yoruz.<\/p>\t\t\t\t\t<\/div>\r\n\t\t\t\t<\/div>\r\n\t\t\t\t\t\t\t\t<div class=\"faq__item\">\r\n\t\t\t\t\t<div class=\"faq__title\">\r\n\t\t\t\t\u0130\u015f\u00e7ilik Fiyatlar\u0131n\u0131z Uygun mu ?\t\t\t\t\t\t<div class=\"icon\"><\/div>\r\n\t\t\t\t\t<\/div>\r\n\t\t\t\t\t<div class=\"faq__content\">\r\n\t\t\t\t\t<p>Fiyatlar\u0131m\u0131z arac\u0131n\u0131zda yap\u0131lacak i\u015flemler do\u011frultusunda belirlenmektedir. Fiyat politikam\u0131z sabit ve uygundur.<\/p>\t\t\t\t\t<\/div>\r\n\t\t\t\t<\/div>\r\n\t\t\t\t\t\t\t\t<div class=\"faq__item\">\r\n\t\t\t\t\t<div class=\"faq__title\">\r\n\t\t\t\t\u0130kame ara\u00e7 deste\u011finiz var m\u0131 ?\t\t\t\t\t\t<div class=\"icon\"><\/div>\r\n\t\t\t\t\t<\/div>\r\n\t\t\t\t\t<div class=\"faq__content\">\r\n\t\t\t\t\t<p>Firmam\u0131z ikame ara\u00e7 deste\u011fini \u00fccretli olarak sunmaktad\u0131r.<\/p>\t\t\t\t\t<\/div>\r\n\t\t\t\t<\/div>\r\n\t\t\t\t\t\t\t\t<div class=\"faq__item\">\r\n\t\t\t\t\t<div class=\"faq__title\">\r\n\t\t\t\tCheck-up i\u00e7in \u00fccret \u00f6deyecekmiyim ?\t\t\t\t\t\t<div class=\"icon\"><\/div>\r\n\t\t\t\t\t<\/div>\r\n\t\t\t\t\t<div class=\"faq__content\">\r\n\t\t\t\t\t<p>Check-up hizmetimiz tamamen \u00fccretsizdir.<\/p>\t\t\t\t\t<\/div>\r\n\t\t\t\t<\/div>\r\n\t\t\t\t\t\t\t\t<div class=\"faq__item\">\r\n\t\t\t\t\t<div class=\"faq__title\">\r\n\t\t\t\tEromaster bak\u0131m ve onar\u0131mda ne sa\u011flar ?\t\t\t\t\t\t<div class=\"icon\"><\/div>\r\n\t\t\t\t\t<\/div>\r\n\t\t\t\t\t<div class=\"faq__content\">\r\n\t\t\t\t\t<p>Euromaster bayisi olmak bir \u00e7ok teknik sertifikalar\u0131n olmas\u0131 demektedir. Uzman ve yetenekli personelimiz ile bu hizmeti sizlere sunmaktan memnuniyet duyar\u0131z.<\/p>\t\t\t\t\t<\/div>\r\n\t\t\t\t<\/div>\r\n\t\t\t\t\t\t\t\t<div class=\"faq__item\">\r\n\t\t\t\t\t<div class=\"faq__title\">\r\n\t\t\t\tHangi kredi kartlar\u0131n\u0131 kabul ediyorsunuz?\t\t\t\t\t\t<div class=\"icon\"><\/div>\r\n\t\t\t\t\t<\/div>\r\n\t\t\t\t\t<div class=\"faq__content\">\r\n\t\t\t\t\t<p>T\u00fcm banka kartlar\u0131 ile \u00f6deme alabiliriz.<\/p>\t\t\t\t\t<\/div>\r\n\t\t\t\t<\/div>\r\n\t\t\t\t\t\t\t<\/div>\r\n\t\t\t\t\t\t<\/div>\n\t\t\t\t<\/div>\n\t\t\t\t\t<\/div>\n\t\t<\/div>\n\t\t\t\t<div class=\"elementor-column elementor-col-50 elementor-top-column elementor-element elementor-element-643ddda\" data-id=\"643ddda\" data-element_type=\"column\">\n\t\t\t<div class=\"elementor-widget-wrap elementor-element-populated\">\n\t\t\t\t\t\t<div class=\"elementor-element elementor-element-21a7ba4 elementor-widget elementor-widget-crs_accordian\" data-id=\"21a7ba4\" data-element_type=\"widget\" data-widget_type=\"crs_accordian.default\">\n\t\t\t\t<div class=\"elementor-widget-container\">\n\t\t\t\t\t\t\t\t<div class=\"faq-accordion\">\r\n\t\t\t\t\t\t\t<div class=\"faq__item\">\r\n\t\t\t\t\t<div class=\"faq__title\">\r\n\t\t\t\tLastik de\u011fi\u015fim ve onar\u0131m\u0131n\u0131z var m\u0131 ?\t\t\t\t\t\t<div class=\"icon\"><\/div>\r\n\t\t\t\t\t<\/div>\r\n\t\t\t\t\t<div class=\"faq__content\">\r\n\t\t\t\t\t<p>Michelin lastiklerinde yetkili sat\u0131c\u0131y\u0131z sat\u0131\u015f ve onar\u0131m hizmetimiz bulunmaktad\u0131r.<\/p>\t\t\t\t\t<\/div>\r\n\t\t\t\t<\/div>\r\n\t\t\t\t\t\t\t\t<div class=\"faq__item\">\r\n\t\t\t\t\t<div class=\"faq__title\">\r\n\t\t\t\tOnar\u0131mlar\u0131 hemen yapt\u0131rmazsam ne olur?\t\t\t\t\t\t<div class=\"icon\"><\/div>\r\n\t\t\t\t\t<\/div>\r\n\t\t\t\t\t<div class=\"faq__content\">\r\n\t\t\t\t\t\t\t\t\t\t<\/div>\r\n\t\t\t\t<\/div>\r\n\t\t\t\t\t\t\t\t<div class=\"faq__item\">\r\n\t\t\t\t\t<div class=\"faq__title\">\r\n\t\t\t\tMotor Ar\u0131za I\u015f\u0131klar\u0131m Yand\u0131\u011f\u0131nda Ne Yapmal\u0131y\u0131m?\t\t\t\t\t\t<div class=\"icon\"><\/div>\r\n\t\t\t\t\t<\/div>\r\n\t\t\t\t\t<div class=\"faq__content\">\r\n\t\t\t\t\t\t\t\t\t\t<\/div>\r\n\t\t\t\t<\/div>\r\n\t\t\t\t\t\t\t\t<div class=\"faq__item\">\r\n\t\t\t\t\t<div class=\"faq__title\">\r\n\t\t\t\tFrenlerimi Ne S\u0131kl\u0131kla Kontrol Ettirmeliyim?\t\t\t\t\t\t<div class=\"icon\"><\/div>\r\n\t\t\t\t\t<\/div>\r\n\t\t\t\t\t<div class=\"faq__content\">\r\n\t\t\t\t\t\t\t\t\t\t<\/div>\r\n\t\t\t\t<\/div>\r\n\t\t\t\t\t\t\t\t<div class=\"faq__item\">\r\n\t\t\t\t\t<div class=\"faq__title\">\r\n\t\t\t\tHangi Tip Ya\u011f Filtresine \u0130htiyac\u0131m Var?\t\t\t\t\t\t<div class=\"icon\"><\/div>\r\n\t\t\t\t\t<\/div>\r\n\t\t\t\t\t<div class=\"faq__content\">\r\n\t\t\t\t\t\t\t\t\t\t<\/div>\r\n\t\t\t\t<\/div>\r\n\t\t\t\t\t\t\t\t<div class=\"faq__item\">\r\n\t\t\t\t\t<div class=\"faq__title\">\r\n\t\t\t\tGer\u00e7ekten K\u0131\u015f Lastiklerine \u0130htiyac\u0131m Var M\u0131?\t\t\t\t\t\t<div class=\"icon\"><\/div>\r\n\t\t\t\t\t<\/div>\r\n\t\t\t\t\t<div class=\"faq__content\">\r\n\t\t\t\t\t\t\t\t\t\t<\/div>\r\n\t\t\t\t<\/div>\r\n\t\t\t\t\t\t\t<\/div>\r\n\t\t\t\t\t\t<\/div>\n\t\t\t\t<\/div>\n\t\t\t\t\t<\/div>\n\t\t<\/div>\n\t\t\t\t\t<\/div>\n\t\t<\/section>\n\t\t\t\t<section class=\"elementor-section elementor-top-section elementor-element elementor-element-59f9664 elementor-section-stretched elementor-section-full_width elementor-section-height-default elementor-section-height-default\" data-id=\"59f9664\" data-element_type=\"section\" data-settings=\"{&quot;stretch_section&quot;:&quot;section-stretched&quot;}\">\n\t\t\t\t\t\t<div class=\"elementor-container elementor-column-gap-default\">\n\t\t\t\t\t<div class=\"elementor-column elementor-col-100 elementor-top-column elementor-element elementor-element-1e922ba\" data-id=\"1e922ba\" data-element_type=\"column\">\n\t\t\t<div class=\"elementor-widget-wrap elementor-element-populated\">\n\t\t\t\t\t\t<div class=\"elementor-element elementor-element-e893fa0 elementor-widget elementor-widget-car_question_Form\" data-id=\"e893fa0\" data-element_type=\"widget\" data-widget_type=\"car_question_Form.default\">\n\t\t\t\t<div class=\"elementor-widget-container\">\n\t\t\t\t\t\r\n        <div class=\"block\">\r\n\t\t\t<div class=\"container\">\r\n\t\t\t<div class=\"block-title\">\r\n\t\t\t\t<h2 class=\"block-title__title\">Araba Tamiri Sorunuz mu var?<\/h2>\r\n\t\t\t\t<div class=\"block-title__description\">\r\n\t\t\t\tOtomotivle ilgili sorular\u0131n\u0131z\u0131n bir tamirci taraf\u0131ndan yan\u0131tlanmas\u0131n\u0131 sa\u011flay\u0131n\t\t\t\t<\/div>\r\n\t\t\t\t<div class=\"title-separator\"><\/div>\r\n\t\t\t<\/div>\r\n\t\t\t\n<div class=\"wpcf7 no-js\" id=\"wpcf7-f2220-o1\" lang=\"en-US\" dir=\"ltr\" data-wpcf7-id=\"2220\">\n<div class=\"screen-reader-response\"><p role=\"status\" aria-live=\"polite\" aria-atomic=\"true\"><\/p> <ul><\/ul><\/div>\n<form action=\"\/index.php\/wp-json\/wp\/v2\/pages\/225#wpcf7-f2220-o1\" method=\"post\" class=\"wpcf7-form init\" aria-label=\"Contact form\" novalidate=\"novalidate\" data-status=\"init\">\n<div style=\"display: none;\">\n<input type=\"hidden\" name=\"_wpcf7\" value=\"2220\" \/>\n<input type=\"hidden\" name=\"_wpcf7_version\" value=\"6.0.3\" \/>\n<input type=\"hidden\" name=\"_wpcf7_locale\" value=\"en_US\" \/>\n<input type=\"hidden\" name=\"_wpcf7_unit_tag\" value=\"wpcf7-f2220-o1\" \/>\n<input type=\"hidden\" name=\"_wpcf7_container_post\" value=\"0\" \/>\n<input type=\"hidden\" name=\"_wpcf7_posted_data_hash\" value=\"\" \/>\n<\/div>\n<div class=\"contact-form form-default\">\n\t<div class=\"custom-width-01\">\n\t\t<div class=\"row\">\n\t\t\t<div class=\"col-md-6\">\n\t\t\t\t<div class=\"input-wrapper\">\n\t\t\t\t\t<p><span class=\"wpcf7-form-control-wrap\" data-name=\"your-name\"><input size=\"40\" maxlength=\"400\" class=\"wpcf7-form-control wpcf7-text wpcf7-validates-as-required form-control input-full\" aria-required=\"true\" aria-invalid=\"false\" placeholder=\"Ad\u0131n\u0131z\" value=\"\" type=\"text\" name=\"your-name\" \/><\/span>\n\t\t\t\t\t<\/p>\n\t\t\t\t<\/div>\n\t\t\t<\/div>\n\t\t\t<div class=\"col-md-6\">\n\t\t\t\t<div class=\"input-wrapper\">\n\t\t\t\t\t<p><span class=\"wpcf7-form-control-wrap\" data-name=\"your-email\"><input size=\"40\" maxlength=\"400\" class=\"wpcf7-form-control wpcf7-email wpcf7-validates-as-required wpcf7-text wpcf7-validates-as-email form-control input-full\" aria-required=\"true\" aria-invalid=\"false\" placeholder=\"Mail Adresi\" value=\"\" type=\"email\" name=\"your-email\" \/><\/span>\n\t\t\t\t\t<\/p>\n\t\t\t\t<\/div>\n\t\t\t<\/div>\n\t\t\t<div class=\"col-sm-12\">\n\t\t\t\t<div class=\"input-wrapper\">\n\t\t\t\t\t<p><span class=\"wpcf7-form-control-wrap\" data-name=\"your-message\"><textarea cols=\"40\" rows=\"10\" maxlength=\"2000\" class=\"wpcf7-form-control wpcf7-textarea textarea-custom input-full form-control\" aria-invalid=\"false\" placeholder=\"Sorunuz...\" name=\"your-message\"><\/textarea><\/span>\n\t\t\t\t\t<\/p>\n\t\t\t\t<\/div>\n\t\t\t<\/div>\n\t\t\t<div class=\"col-sm-12 text-center\">\n\t\t\t\t<div class=\"divider-sm\">\n\t\t\t\t<\/div>\n\t\t\t\t<p><button type=\"submit\" id=\"submit-contact\" class=\"btn btn-wide btn-border btn-invert wpcf7-form-control wpcf7-submit\"><span>G\u00f6nder<\/span><\/button>\n\t\t\t\t<\/p>\n\t\t\t<\/div>\n\t\t<\/div>\n\t<\/div>\n<\/div><div class=\"wpcf7-response-output\" aria-hidden=\"true\"><\/div>\n<\/form>\n<\/div>\n\t\t\t<\/div>\r\n\t\t<\/div>\r\n\t\t<!-- Recalls Block -->\r\n\t\t\t\t\t\t<\/div>\n\t\t\t\t<\/div>\n\t\t\t\t\t<\/div>\n\t\t<\/div>\n\t\t\t\t\t<\/div>\n\t\t<\/section>\n\t\t\t\t<\/div>\n\t\t","protected":false},"excerpt":{"rendered":"<p>Onar\u0131mlar\u0131n tamamlanmas\u0131 ne kadar s\u00fcrecek? \u00c7o\u011fu onar\u0131m\u0131 ayn\u0131 g\u00fcn tamamlamaya \u00e7al\u0131\u015f\u0131yoruz. Bu m\u00fcmk\u00fcn de\u011filse, size onar\u0131m i\u00e7in size verilecek s\u00fcreyi a\u015fmamaya \u00e7al\u0131\u015f\u0131yoruz. \u0130\u015f\u00e7ilik Fiyatlar\u0131n\u0131z Uygun mu ? Fiyatlar\u0131m\u0131z arac\u0131n\u0131zda yap\u0131lacak i\u015flemler do\u011frultusunda belirlenmektedir. Fiyat politikam\u0131z sabit ve uygundur. \u0130kame ara\u00e7 deste\u011finiz var m\u0131 ? Firmam\u0131z ikame ara\u00e7 deste\u011fini \u00fccretli olarak sunmaktad\u0131r. Check-up i\u00e7in \u00fccret \u00f6deyecekmiyim [&hellip;]<\/p>\n","protected":false},"author":1,"featured_media":0,"parent":0,"menu_order":0,"comment_status":"closed","ping_status":"closed","template":"","meta":{"footnotes":""},"class_list":["post-225","page","type-page","status-publish","hentry"],"yoast_head":"<!-- This site is optimized with the Yoast SEO plugin v24.2 - https:\/\/yoast.com\/wordpress\/plugins\/seo\/ -->\n<title>SSS - Umut Oto Servis<\/title>\n<meta name=\"robots\" content=\"index, follow, max-snippet:-1, max-image-preview:large, max-video-preview:-1\" \/>\n<link rel=\"canonical\" href=\"https:\/\/bandirmaotoservis.com\/index.php\/sss\/\" \/>\n<meta property=\"og:locale\" content=\"tr_TR\" \/>\n<meta property=\"og:type\" content=\"article\" \/>\n<meta property=\"og:title\" content=\"SSS - Umut Oto Servis\" \/>\n<meta property=\"og:description\" content=\"Onar\u0131mlar\u0131n tamamlanmas\u0131 ne kadar s\u00fcrecek? \u00c7o\u011fu onar\u0131m\u0131 ayn\u0131 g\u00fcn tamamlamaya \u00e7al\u0131\u015f\u0131yoruz. Bu m\u00fcmk\u00fcn de\u011filse, size onar\u0131m i\u00e7in size verilecek s\u00fcreyi a\u015fmamaya \u00e7al\u0131\u015f\u0131yoruz. \u0130\u015f\u00e7ilik Fiyatlar\u0131n\u0131z Uygun mu ? Fiyatlar\u0131m\u0131z arac\u0131n\u0131zda yap\u0131lacak i\u015flemler do\u011frultusunda belirlenmektedir. Fiyat politikam\u0131z sabit ve uygundur. \u0130kame ara\u00e7 deste\u011finiz var m\u0131 ? Firmam\u0131z ikame ara\u00e7 deste\u011fini \u00fccretli olarak sunmaktad\u0131r. Check-up i\u00e7in \u00fccret \u00f6deyecekmiyim [&hellip;]\" \/>\n<meta property=\"og:url\" content=\"https:\/\/bandirmaotoservis.com\/index.php\/sss\/\" \/>\n<meta property=\"og:site_name\" content=\"Umut Oto Servis\" \/>\n<meta property=\"article:modified_time\" content=\"2025-01-18T13:39:52+00:00\" \/>\n<meta name=\"twitter:card\" content=\"summary_large_image\" \/>\n<meta name=\"twitter:label1\" content=\"Tahmini okuma s\u00fcresi\" \/>\n\t<meta name=\"twitter:data1\" content=\"1 dakika\" \/>\n<script type=\"application\/ld+json\" class=\"yoast-schema-graph\">{\"@context\":\"https:\/\/schema.org\",\"@graph\":[{\"@type\":\"WebPage\",\"@id\":\"https:\/\/bandirmaotoservis.com\/index.php\/sss\/\",\"url\":\"https:\/\/bandirmaotoservis.com\/index.php\/sss\/\",\"name\":\"SSS - Umut Oto Servis\",\"isPartOf\":{\"@id\":\"https:\/\/bandirmaotoservis.com\/#website\"},\"datePublished\":\"2017-03-15T05:42:34+00:00\",\"dateModified\":\"2025-01-18T13:39:52+00:00\",\"breadcrumb\":{\"@id\":\"https:\/\/bandirmaotoservis.com\/index.php\/sss\/#breadcrumb\"},\"inLanguage\":\"tr\",\"potentialAction\":[{\"@type\":\"ReadAction\",\"target\":[\"https:\/\/bandirmaotoservis.com\/index.php\/sss\/\"]}]},{\"@type\":\"BreadcrumbList\",\"@id\":\"https:\/\/bandirmaotoservis.com\/index.php\/sss\/#breadcrumb\",\"itemListElement\":[{\"@type\":\"ListItem\",\"position\":1,\"name\":\"Home\",\"item\":\"https:\/\/bandirmaotoservis.com\/\"},{\"@type\":\"ListItem\",\"position\":2,\"name\":\"SSS\"}]},{\"@type\":\"WebSite\",\"@id\":\"https:\/\/bandirmaotoservis.com\/#website\",\"url\":\"https:\/\/bandirmaotoservis.com\/\",\"name\":\"Umut Oto Servis\",\"description\":\"Euromaster ve Michel Lastikleri Bayisi\",\"potentialAction\":[{\"@type\":\"SearchAction\",\"target\":{\"@type\":\"EntryPoint\",\"urlTemplate\":\"https:\/\/bandirmaotoservis.com\/?s={search_term_string}\"},\"query-input\":{\"@type\":\"PropertyValueSpecification\",\"valueRequired\":true,\"valueName\":\"search_term_string\"}}],\"inLanguage\":\"tr\"}]}<\/script>\n<!-- \/ Yoast SEO plugin. -->","yoast_head_json":{"title":"SSS - Umut Oto Servis","robots":{"index":"index","follow":"follow","max-snippet":"max-snippet:-1","max-image-preview":"max-image-preview:large","max-video-preview":"max-video-preview:-1"},"canonical":"https:\/\/bandirmaotoservis.com\/index.php\/sss\/","og_locale":"tr_TR","og_type":"article","og_title":"SSS - Umut Oto Servis","og_description":"Onar\u0131mlar\u0131n tamamlanmas\u0131 ne kadar s\u00fcrecek? \u00c7o\u011fu onar\u0131m\u0131 ayn\u0131 g\u00fcn tamamlamaya \u00e7al\u0131\u015f\u0131yoruz. Bu m\u00fcmk\u00fcn de\u011filse, size onar\u0131m i\u00e7in size verilecek s\u00fcreyi a\u015fmamaya \u00e7al\u0131\u015f\u0131yoruz. \u0130\u015f\u00e7ilik Fiyatlar\u0131n\u0131z Uygun mu ? Fiyatlar\u0131m\u0131z arac\u0131n\u0131zda yap\u0131lacak i\u015flemler do\u011frultusunda belirlenmektedir. Fiyat politikam\u0131z sabit ve uygundur. \u0130kame ara\u00e7 deste\u011finiz var m\u0131 ? Firmam\u0131z ikame ara\u00e7 deste\u011fini \u00fccretli olarak sunmaktad\u0131r. Check-up i\u00e7in \u00fccret \u00f6deyecekmiyim [&hellip;]","og_url":"https:\/\/bandirmaotoservis.com\/index.php\/sss\/","og_site_name":"Umut Oto Servis","article_modified_time":"2025-01-18T13:39:52+00:00","twitter_card":"summary_large_image","twitter_misc":{"Tahmini okuma s\u00fcresi":"1 dakika"},"schema":{"@context":"https:\/\/schema.org","@graph":[{"@type":"WebPage","@id":"https:\/\/bandirmaotoservis.com\/index.php\/sss\/","url":"https:\/\/bandirmaotoservis.com\/index.php\/sss\/","name":"SSS - Umut Oto Servis","isPartOf":{"@id":"https:\/\/bandirmaotoservis.com\/#website"},"datePublished":"2017-03-15T05:42:34+00:00","dateModified":"2025-01-18T13:39:52+00:00","breadcrumb":{"@id":"https:\/\/bandirmaotoservis.com\/index.php\/sss\/#breadcrumb"},"inLanguage":"tr","potentialAction":[{"@type":"ReadAction","target":["https:\/\/bandirmaotoservis.com\/index.php\/sss\/"]}]},{"@type":"BreadcrumbList","@id":"https:\/\/bandirmaotoservis.com\/index.php\/sss\/#breadcrumb","itemListElement":[{"@type":"ListItem","position":1,"name":"Home","item":"https:\/\/bandirmaotoservis.com\/"},{"@type":"ListItem","position":2,"name":"SSS"}]},{"@type":"WebSite","@id":"https:\/\/bandirmaotoservis.com\/#website","url":"https:\/\/bandirmaotoservis.com\/","name":"Umut Oto Servis","description":"Euromaster ve Michel Lastikleri Bayisi","potentialAction":[{"@type":"SearchAction","target":{"@type":"EntryPoint","urlTemplate":"https:\/\/bandirmaotoservis.com\/?s={search_term_string}"},"query-input":{"@type":"PropertyValueSpecification","valueRequired":true,"valueName":"search_term_string"}}],"inLanguage":"tr"}]}},"_links":{"self":[{"href":"https:\/\/bandirmaotoservis.com\/index.php\/wp-json\/wp\/v2\/pages\/225","targetHints":{"allow":["GET"]}}],"collection":[{"href":"https:\/\/bandirmaotoservis.com\/index.php\/wp-json\/wp\/v2\/pages"}],"about":[{"href":"https:\/\/bandirmaotoservis.com\/index.php\/wp-json\/wp\/v2\/types\/page"}],"author":[{"embeddable":true,"href":"https:\/\/bandirmaotoservis.com\/index.php\/wp-json\/wp\/v2\/users\/1"}],"replies":[{"embeddable":true,"href":"https:\/\/bandirmaotoservis.com\/index.php\/wp-json\/wp\/v2\/comments?post=225"}],"version-history":[{"count":7,"href":"https:\/\/bandirmaotoservis.com\/index.php\/wp-json\/wp\/v2\/pages\/225\/revisions"}],"predecessor-version":[{"id":3019,"href":"https:\/\/bandirmaotoservis.com\/index.php\/wp-json\/wp\/v2\/pages\/225\/revisions\/3019"}],"wp:attachment":[{"href":"https:\/\/bandirmaotoservis.com\/index.php\/wp-json\/wp\/v2\/media?parent=225"}],"curies":[{"name":"wp","href":"https:\/\/api.w.org\/{rel}","templated":true}]}}